{"id":5964,"date":"2026-04-23T14:12:33","date_gmt":"2026-04-23T12:12:33","guid":{"rendered":"https:\/\/jetzine.brussels\/events\/classique-a-labbaye-la-chapelle-sauvage-karen-su\/"},"modified":"2026-04-27T06:32:12","modified_gmt":"2026-04-27T04:32:12","slug":"klassiek-in-de-abdij-la-chapelle-sauvage-karen-su","status":"publish","type":"events","link":"https:\/\/jetzine.brussels\/nl\/events\/klassiek-in-de-abdij-la-chapelle-sauvage-karen-su\/","title":{"rendered":"Klassiek in de Abdij: La Chapelle Sauvage &amp; Karen Su"},"content":{"rendered":"<p>Onder leiding van de veelzijdige Karel De Wilde (pianist, organist, klavecinist, contrabassist en dirigent) laat het ensemble La Chapelle Sauvage zijn brede artistieke palet zien. Het ensemble bestaat uit getalenteerde strijkers uit Belgi\u00eb, Nederland, Frankrijk, Duitsland en Itali\u00eb. Met de solisten Karen Su (laureate van de Koningin Elisabethwedstrijd voor viool 2024) en Bram Nolf (solo-hobo\u00efst bij het Nationaal Orkest van Belgi\u00eb) biedt dit slotconcert een schitterend programma: concerten voor hobo en viool van Bach, Vivaldi en Marcello, om vervolgens af te sluiten met Vivaldi\u2019s onmisbare Vier Jaargetijden.  <\/p>\n","protected":false},"excerpt":{"rendered":"<p>Met de solisten Karen Su en Bram Nolf biedt dit slotconcert van het ensemble La Chapelle Sauvage een schitterend programma: concerten voor hobo en viool van Bach, Vivaldi en Marcello, om vervolgens af te sluiten met Vivaldi\u2019s onmisbare Vier Jaargetijden.<\/p>\n","protected":false},"author":8,"featured_media":5965,"parent":0,"menu_order":0,"template":"","format":"standard","meta":{"_acf_changed":false,"_et_pb_use_builder":"","_et_pb_old_content":"","_et_gb_content_width":"","footnotes":""},"categories":[105,107],"tags":[],"public":[158,159],"class_list":["post-5964","events","type-events","status-publish","format-standard","has-post-thumbnail","hentry","category-cultuur","category-klassiekers-in-de-abdij","public-tout-public","public-volwassenen"],"acf":[],"yoast_head":"<!-- This site is optimized with the Yoast SEO plugin v27.4 - https:\/\/yoast.com\/product\/yoast-seo-wordpress\/ -->\n<title>Klassiek in de Abdij: La Chapelle Sauvage &amp; Karen Su - Jetzine<\/title>\n<meta name=\"description\" content=\"Met de solisten Karen Su en Bram Nolf biedt dit slotconcert van het ensemble La Chapelle Sauvage een schitterend programma: concerten voor hobo en viool van Bach, Vivaldi en Marcello, om vervolgens af te sluiten met Vivaldi\u2019s onmisbare Vier Jaargetijden.\" \/>\n<meta name=\"robots\" content=\"noindex, follow, max-snippet:-1, max-image-preview:large, max-video-preview:-1\" \/>\n<meta property=\"og:locale\" content=\"nl_NL\" \/>\n<meta property=\"og:type\" content=\"article\" \/>\n<meta property=\"og:title\" content=\"Klassiek in de Abdij: La Chapelle Sauvage &amp; Karen Su - Jetzine\" \/>\n<meta property=\"og:description\" content=\"Met de solisten Karen Su en Bram Nolf biedt dit slotconcert van het ensemble La Chapelle Sauvage een schitterend programma: concerten voor hobo en viool van Bach, Vivaldi en Marcello, om vervolgens af te sluiten met Vivaldi\u2019s onmisbare Vier Jaargetijden.\" \/>\n<meta property=\"og:url\" content=\"https:\/\/jetzine.brussels\/nl\/events\/klassiek-in-de-abdij-la-chapelle-sauvage-karen-su\/\" \/>\n<meta property=\"og:site_name\" content=\"Jetzine\" \/>\n<meta property=\"article:modified_time\" content=\"2026-04-27T04:32:12+00:00\" \/>\n<meta property=\"og:image\" content=\"https:\/\/jetzine.brussels\/wp-content\/uploads\/2026\/04\/La-chapelle-sauvage.jpg\" \/>\n\t<meta property=\"og:image:width\" content=\"800\" \/>\n\t<meta property=\"og:image:height\" content=\"800\" \/>\n\t<meta property=\"og:image:type\" content=\"image\/jpeg\" \/>\n<meta name=\"twitter:card\" content=\"summary_large_image\" \/>\n<meta name=\"twitter:label1\" content=\"Geschatte leestijd\" \/>\n\t<meta name=\"twitter:data1\" content=\"1 minuut\" \/>\n<script type=\"application\/ld+json\" class=\"yoast-schema-graph\">{\"@context\":\"https:\\\/\\\/schema.org\",\"@graph\":[{\"@type\":\"WebPage\",\"@id\":\"https:\\\/\\\/jetzine.brussels\\\/nl\\\/events\\\/klassiek-in-de-abdij-la-chapelle-sauvage-karen-su\\\/\",\"url\":\"https:\\\/\\\/jetzine.brussels\\\/nl\\\/events\\\/klassiek-in-de-abdij-la-chapelle-sauvage-karen-su\\\/\",\"name\":\"Klassiek in de Abdij: La Chapelle Sauvage &amp; Karen Su - Jetzine\",\"isPartOf\":{\"@id\":\"https:\\\/\\\/jetzine.brussels\\\/nl\\\/#website\"},\"primaryImageOfPage\":{\"@id\":\"https:\\\/\\\/jetzine.brussels\\\/nl\\\/events\\\/klassiek-in-de-abdij-la-chapelle-sauvage-karen-su\\\/#primaryimage\"},\"image\":{\"@id\":\"https:\\\/\\\/jetzine.brussels\\\/nl\\\/events\\\/klassiek-in-de-abdij-la-chapelle-sauvage-karen-su\\\/#primaryimage\"},\"thumbnailUrl\":\"https:\\\/\\\/jetzine.brussels\\\/wp-content\\\/uploads\\\/2026\\\/04\\\/La-chapelle-sauvage.jpg\",\"datePublished\":\"2026-04-23T12:12:33+00:00\",\"dateModified\":\"2026-04-27T04:32:12+00:00\",\"description\":\"Met de solisten Karen Su en Bram Nolf biedt dit slotconcert van het ensemble La Chapelle Sauvage een schitterend programma: concerten voor hobo en viool van Bach, Vivaldi en Marcello, om vervolgens af te sluiten met Vivaldi\u2019s onmisbare Vier Jaargetijden.\",\"breadcrumb\":{\"@id\":\"https:\\\/\\\/jetzine.brussels\\\/nl\\\/events\\\/klassiek-in-de-abdij-la-chapelle-sauvage-karen-su\\\/#breadcrumb\"},\"inLanguage\":\"nl-NL\",\"potentialAction\":[{\"@type\":\"ReadAction\",\"target\":[\"https:\\\/\\\/jetzine.brussels\\\/nl\\\/events\\\/klassiek-in-de-abdij-la-chapelle-sauvage-karen-su\\\/\"]}]},{\"@type\":\"ImageObject\",\"inLanguage\":\"nl-NL\",\"@id\":\"https:\\\/\\\/jetzine.brussels\\\/nl\\\/events\\\/klassiek-in-de-abdij-la-chapelle-sauvage-karen-su\\\/#primaryimage\",\"url\":\"https:\\\/\\\/jetzine.brussels\\\/wp-content\\\/uploads\\\/2026\\\/04\\\/La-chapelle-sauvage.jpg\",\"contentUrl\":\"https:\\\/\\\/jetzine.brussels\\\/wp-content\\\/uploads\\\/2026\\\/04\\\/La-chapelle-sauvage.jpg\",\"width\":800,\"height\":800},{\"@type\":\"BreadcrumbList\",\"@id\":\"https:\\\/\\\/jetzine.brussels\\\/nl\\\/events\\\/klassiek-in-de-abdij-la-chapelle-sauvage-karen-su\\\/#breadcrumb\",\"itemListElement\":[{\"@type\":\"ListItem\",\"position\":1,\"name\":\"Home\",\"item\":\"https:\\\/\\\/jetzine.brussels\\\/nl\\\/\"},{\"@type\":\"ListItem\",\"position\":2,\"name\":\"Events\",\"item\":\"https:\\\/\\\/jetzine.brussels\\\/nl\\\/agenda\\\/\"},{\"@type\":\"ListItem\",\"position\":3,\"name\":\"Klassiek in de Abdij: La Chapelle Sauvage &amp; Karen Su\"}]},{\"@type\":\"WebSite\",\"@id\":\"https:\\\/\\\/jetzine.brussels\\\/nl\\\/#website\",\"url\":\"https:\\\/\\\/jetzine.brussels\\\/nl\\\/\",\"name\":\"Jetzine\",\"description\":\"Het webzine van de gemeente Jette\",\"potentialAction\":[{\"@type\":\"SearchAction\",\"target\":{\"@type\":\"EntryPoint\",\"urlTemplate\":\"https:\\\/\\\/jetzine.brussels\\\/nl\\\/?s={search_term_string}\"},\"query-input\":{\"@type\":\"PropertyValueSpecification\",\"valueRequired\":true,\"valueName\":\"search_term_string\"}}],\"inLanguage\":\"nl-NL\"}]}<\/script>\n<!-- \/ Yoast SEO plugin. -->","yoast_head_json":{"title":"Klassiek in de Abdij: La Chapelle Sauvage &amp; Karen Su - Jetzine","description":"Met de solisten Karen Su en Bram Nolf biedt dit slotconcert van het ensemble La Chapelle Sauvage een schitterend programma: concerten voor hobo en viool van Bach, Vivaldi en Marcello, om vervolgens af te sluiten met Vivaldi\u2019s onmisbare Vier Jaargetijden.","robots":{"index":"noindex","follow":"follow","max-snippet":"max-snippet:-1","max-image-preview":"max-image-preview:large","max-video-preview":"max-video-preview:-1"},"og_locale":"nl_NL","og_type":"article","og_title":"Klassiek in de Abdij: La Chapelle Sauvage &amp; Karen Su - Jetzine","og_description":"Met de solisten Karen Su en Bram Nolf biedt dit slotconcert van het ensemble La Chapelle Sauvage een schitterend programma: concerten voor hobo en viool van Bach, Vivaldi en Marcello, om vervolgens af te sluiten met Vivaldi\u2019s onmisbare Vier Jaargetijden.","og_url":"https:\/\/jetzine.brussels\/nl\/events\/klassiek-in-de-abdij-la-chapelle-sauvage-karen-su\/","og_site_name":"Jetzine","article_modified_time":"2026-04-27T04:32:12+00:00","og_image":[{"width":800,"height":800,"url":"https:\/\/jetzine.brussels\/wp-content\/uploads\/2026\/04\/La-chapelle-sauvage.jpg","type":"image\/jpeg"}],"twitter_card":"summary_large_image","twitter_misc":{"Geschatte leestijd":"1 minuut"},"schema":{"@context":"https:\/\/schema.org","@graph":[{"@type":"WebPage","@id":"https:\/\/jetzine.brussels\/nl\/events\/klassiek-in-de-abdij-la-chapelle-sauvage-karen-su\/","url":"https:\/\/jetzine.brussels\/nl\/events\/klassiek-in-de-abdij-la-chapelle-sauvage-karen-su\/","name":"Klassiek in de Abdij: La Chapelle Sauvage &amp; Karen Su - Jetzine","isPartOf":{"@id":"https:\/\/jetzine.brussels\/nl\/#website"},"primaryImageOfPage":{"@id":"https:\/\/jetzine.brussels\/nl\/events\/klassiek-in-de-abdij-la-chapelle-sauvage-karen-su\/#primaryimage"},"image":{"@id":"https:\/\/jetzine.brussels\/nl\/events\/klassiek-in-de-abdij-la-chapelle-sauvage-karen-su\/#primaryimage"},"thumbnailUrl":"https:\/\/jetzine.brussels\/wp-content\/uploads\/2026\/04\/La-chapelle-sauvage.jpg","datePublished":"2026-04-23T12:12:33+00:00","dateModified":"2026-04-27T04:32:12+00:00","description":"Met de solisten Karen Su en Bram Nolf biedt dit slotconcert van het ensemble La Chapelle Sauvage een schitterend programma: concerten voor hobo en viool van Bach, Vivaldi en Marcello, om vervolgens af te sluiten met Vivaldi\u2019s onmisbare Vier Jaargetijden.","breadcrumb":{"@id":"https:\/\/jetzine.brussels\/nl\/events\/klassiek-in-de-abdij-la-chapelle-sauvage-karen-su\/#breadcrumb"},"inLanguage":"nl-NL","potentialAction":[{"@type":"ReadAction","target":["https:\/\/jetzine.brussels\/nl\/events\/klassiek-in-de-abdij-la-chapelle-sauvage-karen-su\/"]}]},{"@type":"ImageObject","inLanguage":"nl-NL","@id":"https:\/\/jetzine.brussels\/nl\/events\/klassiek-in-de-abdij-la-chapelle-sauvage-karen-su\/#primaryimage","url":"https:\/\/jetzine.brussels\/wp-content\/uploads\/2026\/04\/La-chapelle-sauvage.jpg","contentUrl":"https:\/\/jetzine.brussels\/wp-content\/uploads\/2026\/04\/La-chapelle-sauvage.jpg","width":800,"height":800},{"@type":"BreadcrumbList","@id":"https:\/\/jetzine.brussels\/nl\/events\/klassiek-in-de-abdij-la-chapelle-sauvage-karen-su\/#breadcrumb","itemListElement":[{"@type":"ListItem","position":1,"name":"Home","item":"https:\/\/jetzine.brussels\/nl\/"},{"@type":"ListItem","position":2,"name":"Events","item":"https:\/\/jetzine.brussels\/nl\/agenda\/"},{"@type":"ListItem","position":3,"name":"Klassiek in de Abdij: La Chapelle Sauvage &amp; Karen Su"}]},{"@type":"WebSite","@id":"https:\/\/jetzine.brussels\/nl\/#website","url":"https:\/\/jetzine.brussels\/nl\/","name":"Jetzine","description":"Het webzine van de gemeente Jette","potentialAction":[{"@type":"SearchAction","target":{"@type":"EntryPoint","urlTemplate":"https:\/\/jetzine.brussels\/nl\/?s={search_term_string}"},"query-input":{"@type":"PropertyValueSpecification","valueRequired":true,"valueName":"search_term_string"}}],"inLanguage":"nl-NL"}]}},"_links":{"self":[{"href":"https:\/\/jetzine.brussels\/nl\/wp-json\/wp\/v2\/events\/5964","targetHints":{"allow":["GET"]}}],"collection":[{"href":"https:\/\/jetzine.brussels\/nl\/wp-json\/wp\/v2\/events"}],"about":[{"href":"https:\/\/jetzine.brussels\/nl\/wp-json\/wp\/v2\/types\/events"}],"author":[{"embeddable":true,"href":"https:\/\/jetzine.brussels\/nl\/wp-json\/wp\/v2\/users\/8"}],"version-history":[{"count":1,"href":"https:\/\/jetzine.brussels\/nl\/wp-json\/wp\/v2\/events\/5964\/revisions"}],"predecessor-version":[{"id":5969,"href":"https:\/\/jetzine.brussels\/nl\/wp-json\/wp\/v2\/events\/5964\/revisions\/5969"}],"wp:featuredmedia":[{"embeddable":true,"href":"https:\/\/jetzine.brussels\/nl\/wp-json\/wp\/v2\/media\/5965"}],"wp:attachment":[{"href":"https:\/\/jetzine.brussels\/nl\/wp-json\/wp\/v2\/media?parent=5964"}],"wp:term":[{"taxonomy":"category","embeddable":true,"href":"https:\/\/jetzine.brussels\/nl\/wp-json\/wp\/v2\/categories?post=5964"},{"taxonomy":"post_tag","embeddable":true,"href":"https:\/\/jetzine.brussels\/nl\/wp-json\/wp\/v2\/tags?post=5964"},{"taxonomy":"public","embeddable":true,"href":"https:\/\/jetzine.brussels\/nl\/wp-json\/wp\/v2\/public?post=5964"}],"curies":[{"name":"wp","href":"https:\/\/api.w.org\/{rel}","templated":true}]}}

<p>Onder leiding van de veelzijdige Karel De Wilde (pianist, organist, klavecinist, contrabassist en dirigent) laat het ensemble La Chapelle Sauvage zijn brede artistieke palet zien. Het ensemble bestaat uit getalenteerde strijkers uit België, Nederland, Frankrijk, Duitsland en Italië. Met de solisten Karen Su (laureate van de Koningin Elisabethwedstrijd voor viool 2024) en Bram Nolf (solo-hoboïst bij het Nationaal Orkest van België) biedt dit slotconcert een schitterend programma: concerten voor hobo en viool van Bach, Vivaldi en Marcello, om vervolgens af te sluiten met Vivaldi’s onmisbare Vier Jaargetijden.  </p>
